 factor of 1299629 and 79?
79
Calculate the highest common factor of 79228 and 7424.
116
Calculate the greatest common factor of 731 and 3225.
43
Calculate the highest common divisor of 1040 and 10266360.
520
What is the greatest common divisor of 143 and 27731?
11
What is the highest common divisor of 1041775 and 175?
175
Calculate the greatest common factor of 734452 and 32.
4
What is the greatest common divisor of 7976219 and 19?
19
What is the greatest common factor of 13559 and 7?
7
Calculate the greatest common divisor of 196 and 109144.
28
What is the highest common factor of 43330 and 1085?
35
What is the greatest common factor of 2205571 and 3711?
1237
What is the greatest common divisor of 8215 and 4505?
265
What is the highest common factor of 8173 and 176?
11
What is the greatest common factor of 44 and 8756?
44
What is the greatest common divisor of 4662 and 468?
18
Calculate the highest common divisor of 1431 and 42.
3
Calculate the highest common factor of 14 and 773311.
7
Calculate the highest common factor of 169 and 5447.
13
What is the highest common divisor of 845 and 63830?
65
Calculate the highest common factor of 2504 and 41320.
8
Calculate the highest common factor of 1188568 and 1616.
808
What is the greatest common divisor of 488 and 5000?
8
What is the greatest common factor of 12192 and 7152?
48
Calculate the highest common divisor of 1974 and 81357.
141
Calculate the highest common factor of 11032 and 1008.
56
What is the highest common divisor of 140 and 1943880?
20
Calculate the highest common divisor of 1230 and 54858.
246
Calculate the greatest common factor of 1739 and 799.
47
What is the greatest common divisor of 20049 and 326?
163
What is the greatest common divisor of 212 and 163770?
106
Calculate the highest common divisor of 4900 and 595.
35
What is the greatest common divisor of 43362 and 44?
22
Calculate the highest common factor of 385 and 45023.
11
What is the greatest common factor of 1661 and 10014169?
1661
Calculate the greatest common divisor of 568 and 1192.
8
Calculate the highest common factor of 50028 and 264.
132
What is the greatest common factor of 86394 and 176?
22
What is the greatest common factor of 27307 and 45073?
329
What is the greatest common divisor of 260 and 914420?
260
What is the highest common factor of 162242 and 782?
46
What is the greatest common factor of 515 and 3270?
5
What is the greatest common factor of 152438 and 369?
41
What is the greatest common factor of 544400 and 320?
80
What is the greatest common factor of 408 and 1930452?
204
What is the highest common divisor of 5592 and 6846006?
1398
Calculate the greatest common divisor of 905 and 1055.
5
What is the highest common factor of 20 and 6701780?
20
Calculate the highest common factor of 16704 and 158166.
522
What is the highest common factor of 24 and 1257976?
8
Calculate the highest common divisor of 8 and 36648.
8
Calculate the greatest common factor of 102488 and 368.
184
What is the greatest common factor of 19 and 334989?
19
What is the greatest common factor of 135 and 369?
9
Calculate the highest common factor of 195 and 29589.
3
What is the highest common divisor of 19110 and 3402?
42
What is the greatest common factor of 9984 and 4641?
39
Calculate the greatest common factor of 44 and 6011478.
22
What is the greatest common divisor of 1271 and 2419?
41
Calculate the greatest common divisor of 27339 and 104.
13
What is the highest common divisor of 55230 and 343?
7
What is the highest common divisor of 15 and 812745?
15
Calculate the greatest common factor of 1092 and 903.
21
What is the highest common factor of 927 and 1956897?
927
Calculate the greatest common divisor of 131 and 113053.
131
What is the highest common factor of 152 and 15672?
8
Calculate the highest common factor of 48 and 240984.
24
What is the highest common factor of 4152 and 4?
4
Calculate the highest common divisor of 2635 and 465.
155
Calculate the highest common factor of 17760 and 15860.
20
Calculate the highest common factor of 1315 and 11520.
5
Calculate the highest common divisor of 5146 and 930.
62
What is the greatest common divisor of 518160 and 272?
272
What is the highest common divisor of 97 and 4748635?
97
What is the highest common divisor of 36133 and 168097?
1571
What is the highest common factor of 8793 and 9?
9
What is the greatest common divisor of 28512 and 738?
18
What is the highest common divisor of 63 and 439467?
21
What is the greatest common factor of 5909 and 703?
19
Calculate the highest common factor of 5185732 and 802.
802
What is the greatest common factor of 103558 and 182?
182
Calculate the greatest common factor of 1256644 and 8.
4
What is the greatest common divisor of 1378 and 139602?
106
Calculate the highest common factor of 117 and 17173.
13
Calculate the greatest common factor of 400 and 1325200.
400
What is the greatest common factor of 5412 and 36?
12
Calculate the greatest common factor of 60 and 2094.
6
What is the highest common divisor of 138020 and 560?
20
What is the greatest common factor of 2724 and 9042?
6
Calculate the highest common factor of 28260 and 900.
180
Calculate the greatest common divisor of 60 and 9490.
10
What is the greatest common factor of 335321 and 7?
7
What is the greatest common factor of 245 and 301595?
245
What is the highest common divisor of 1288 and 881153?
161
What is the greatest common divisor of 30919 and 245?
49
Calculate the highest common factor of 4959 and 5472.
171
What is the highest common factor of 61776 and 520?
104
What is the highest common divisor of 4024095 and 295?
295
What is the greatest common factor of 1481992 and 1734?
578
Calculate the greatest common divisor of 24940 and 43430.
430
Calculate the highest common factor of 49501 and 16697.
59
Calculate the greatest common divisor of 107 and 158574.
107
What is the greatest common factor of 316 and 25517?
79
What is the highest common divisor of 63657 and 297?
99
Calculate the greatest common divisor of 8496 and 18864.
144
Calculate the highest common divisor of 84 and 8988.
84
What is the highest common divisor of 176 and 23984?
16
Calculate the highest common factor of 26 and 913861.
13
What is the highest common divisor of 23439 and 12714?
39
What is the highest common factor of 14763 and 9975?
399
Calculate the highest common factor of 2922 and 210.
6
Calculate the greatest common divisor of 126 and 997110.
18
What is the greatest common divisor of 306 and 2907?
153
Calculate the greatest common divisor of 13000 and 425.
25
What is the highest common factor of 108 and 5472?
36
Calculate the highest common factor of 4084116 and 12.
12
Calculate the highest common divisor of 1496 and 9656.
136
Calculate the highest common factor of 17116 and 66.
22
Calculate the greatest common factor of 204 and 222428.
68
What is the greatest common divisor of 103268 and 110?
22
Calculate the highest common divisor of 74306 and 318.
106
What is the greatest common divisor of 182917 and 21?
7
Calculate the highest common divisor of 56 and 183368.
8
What is the greatest common factor of 2208 and 832?
32
Calculate the highest common factor of 3852 and 4293.
9
Calculate the highest common divisor of 59900 and 500.
100
What is the highest common divisor of 23272 and 8?
8
What is the highest common factor of 2895 and 33750?
15
What is the highest common divisor of 345835 and 410?
205
Calculate the greatest common factor of 14748 and 5484.
12
Calculate the greatest common divisor of 318 and 45686.
106
What is the greatest common divisor of 1672 and 6574?
38
Calculate the greatest common divisor of 72 and 270252.
36
What is the highest common divisor of 1086231 and 381?
381
Calculate the greatest common divisor of 105586 and 31.
31
What is the greatest common divisor of 59871 and 462?
21
Calculate the highest common divisor of 30 and 10488615.
15
Calculate the greatest common factor of 378 and 3861.
27
Calculate the greatest common factor of 13188 and 3612.
84
What is the greatest common divisor of 72 and 9336?
24
Calculate the highest common factor of 15993 and 9.
9
What is the greatest common divisor of 13165 and 1385?
5
Calculate the greatest common factor of 181 and 995681.
181
What is the grea